 5*s**2 - 10*s - 3. Let z be h(7). Suppose -21 - 9 = -4*b - 5*u, z = 3*b + 5*u. List the prime factors of b.
5
Suppose 4*l - 5*r - 535 = 0, -3*r - 1 - 8 = 0. What are the prime factors of l?
2, 5, 13
Let h(a) = 2*a**2 + 14*a + 12. List the prime factors of h(-11).
2, 5
Let k = -423 - -604. What are the prime factors of k?
181
Let y(k) be the second derivative of -1/2*k**3 + 0 - 2*k - 3/2*k**2. List the prime factors of y(-6).
3, 5
Let c(q) = -q**2 + 7*q - 3. Let j(r) = r**2 + 8*r - 14. Let o be j(-10). What are the prime factors of c(o)?
3
Let z be 20/6 + 18/27. Let v(d) = d + 3. Let n be v(-3). Let q = n + z. List the prime factors of q.
2
List the prime factors of (-6*27/4)/(24/(-48)).
3
Let q = -34 + 103. What are the prime factors of q?
3, 23
Let q = 5 + -3. Let x be 5 - q - 1 - -3. Suppose 3*g - x - 4 = 0. List the prime factors of g.
3
Let h(l) = l**2 - 8*l - 1. Let b(q) = -q**3 - 4*q**2 - 4*q + 1. Let w be b(-3). Let v be h(w). Let c = 30 + v. List the prime factors of c.
13
Let y be -5*2/(-2)*1. Suppose y*z - 17 = 13. List the prime factors of z.
2, 3
Let v be (0 - 0) + 19 + -2. Let k = v + -10. List the prime factors of k.
7
Let c be 0 - (-1 + 0 + -155). Suppose 0*k - 4*k = -c. What are the prime factors of (2/(-6))/((-1)/k)?
13
Suppose v - 186 = 4*v. Let x = v + 119. Let w = -33 + x. List the prime factors of w.
2, 3
Suppose -4*f + 435 = -f. Let d = f - 75. Suppose 0 = 2*r - 7*r + d. What are the prime factors of r?
2, 7
Let w(l) = 2*l. Let j(f) = f + 1. Let b(q) = -j(q) + w(q). Let y be b(3). What are the prime factors of (7 - y) + 0 + -1?
2
Suppose -5 = -3*r + 5*i - 0, -4*r = 5*i + 40. Let a(j) = -3*j + 5. What are the prime factors of a(r)?
2, 5
Let d be 1/((-3)/3) + 1. Let a = 2 - d. Suppose -a*n + 6*n = 36. What are the prime factors of n?
3
Suppose -9*z + 6*z = 0. Suppose -3*m + 8*m - 100 = z. List the prime factors of m.
2, 5
Let w = 17 + -10. What are the prime factors of 9 - w/((-7)/(-2))?
7
Let g(r) = 3*r**3 + 2*r**2 - r + 1. Let l be g(-2). Let d = -4 - l. List the prime factors of d.
3
Suppose 0 = 2*z - 5*h - 609, 15*z - 579 = 13*z - 5*h. List the prime factors of z.
3, 11
Suppose -13*b - 23 = -14*b. What are the prime factors of b?
23
Let g be (-5)/((-5)/(-3)) + -1. List the prime factors of ((-6)/g + 2)*6.
3, 7
Suppose -c + d = 2*c - 17, -11 = -c + 3*d. Suppose 0 = 3*n - c*n + 10. Suppose r - n*r + 44 = b, 3*r - 52 = 4*b. List the prime factors of r.
2, 3
Let s(h) = h**3 - h**2 + h + 14. What are the prime factors of s(0)?
2, 7
Let a be 724/18 - 4/18. Suppose -m - 4*x = -0 - 4, 4*m + 4*x = a. Suppose z - 25 = -3*i + 2*z, 2*i - 3*z - m = 0. List the prime factors of i.
3
Suppose y = 5*y - 24. Let v be (-10)/y*6/2. Let s = -1 - v. What are the prime factors of s?
2
Let p(v) = v**2 + 2*v + 4. Let u be p(-6). Suppose 0 = -2*b - 3*f + u, f + 0*f + 84 = 4*b. List the prime factors of 6/(-9) + b/3.
2, 3
Let k(i) = i**2 - 2. What are the prime factors of k(8)?
2, 31
Suppose -f = 4*l - 7 - 8, 5*f - 2*l - 31 = 0. Suppose 205 = -2*x + f*x. List the prime factors of x.
41
Suppose 0 = -2*t - t - 12, -3*t = -a + 11. Let y = 4 + a. List the prime factors of y.
3
Let x(n) = n**2 + 8*n + 9. Let s be x(-8). Let m = s + -3. What are the prime factors of (-1)/(-3) + 52/m?
3
Let c(i) = 3*i**3 - 4*i**2 + i + 3. What are the prime factors of c(2)?
13
Suppose -3*j - 282 = -7*a + 4*a, -4*a = j - 401. What are the prime factors of a?
3, 11
Let h = -12 - -37. List the prime factors of h.
5
Let o(n) = n**2 - 11*n + 3. Let z be o(10). Let x = 10 + z. List the prime factors of x.
3
Let d(a) = -a**3 - 13*a**2 - a - 1. Let o(i) = -3*i**2 - i + 1. Let v be o(2). List the prime factors of d(v).
2, 3
Let h be ((-4)/(-10))/(3/15). Suppose -1 = -h*w + 1. Suppose 4*i = 13 - w. What are the prime factors of i?
3
Let u(k) = 4*k**3 + 2*k**2 + 5*k. List the prime factors of u(4).
2, 7, 11
Suppose -3*p = -3*l - 3, -2*l + p = 4 + 1. List the prime factors of (10/(-3))/(l/6).
5
Let j = 89 - 27. What are the prime factors of j?
2, 31
Suppose 0 = 5*c - z - 4, 0*z = 3*c - 2*z - 1. Let t be 2/(c + 0 + -2). Let r(i) = -4*i - 3. List the prime factors of r(t).
5
Suppose -11*i + 297 = -3223. List the prime factors of i.
2, 5
Let j(q) = 3 + 2*q - 2*q**2 + 0*q**2 + 5*q**2. List the prime factors of j(-2).
11
Let i(o) = o**2 + 5*o - 9. List the prime factors of i(-8).
3, 5
Suppose 2*j = -2*j + 12. Let q = j + 4. Let u = q + -5. What are the prime factors of u?
2
Suppose -3*k = 4*u - 287, -2*u = -5*k - 3*u + 467. Suppose -k = -5*g + 2*g. Let p = g + -19. What are the prime factors of p?
2, 3
Let o(k) = k**2 + 2*k + 63. What are the prime factors of o(0)?
3, 7
Let t be 1*(0 + (-2 - -6)). Let s = t - 3. Suppose 15 = 4*u - s. What are the prime factors of u?
2
Let f = 228 + -36. List the prime factors of f.
2, 3
Let c = -3 + 7. Suppose 10 = -c*v + 66. List the prime factors of v.
2, 7
Let c(y) = 9*y**3 + 3*y**2 - y - 1. List the prime factors of c(3).
2, 7, 19
Suppose -v + 135 = 2*v. Suppose 3*k - v = -0*k. List the prime factors of k.
3, 5
Suppose 0 = 4*q - 59 - 329. List the prime factors of q.
97
Let u be 2 + 4/8*0. List the prime factors of 46/u - (-3)/(-3).
2, 11
Let d(b) = 0*b + b + b - 1. What are the prime factors of d(10)?
19
Let z = -7 + 12. Let y = 10 - z. Suppose -2*q + 24 = y*h - 3*h, 0 = 4*q - 5*h - 21. List the prime factors of q.
3
Let b be -2*3/12*-42. List the prime factors of 384/b - 4/14.
2, 3
Suppose -v = -5*v + 8. Let i be v - (1 - -1 - 3). Suppose -5*z + i*z = -24. List the prime factors of z.
2, 3
Let g(t) = -31*t**3 + t**2 - 3*t - 4. What are the prime factors of g(-1)?
31
List the prime factors of 2/(-3)*(-783)/18.
29
Suppose 5*x = 5*d - 20, -2*d = -5*d + x + 20. Suppose 46 = 6*c - d. What are the prime factors of c?
3
What are the prime factors of (-1 + 1)/5 + 11?
11
Let d = -3 - -5. Suppose 0*t = -d*t - 2, 5 = r + 2*t. What are the prime factors of r?
7
List the prime factors of (70/(-15))/((-6)/9).
7
Suppose -3*u = -4*b - u + 118, -2*b = -2*u - 60. List the prime factors of b.
29
Let k = -4 - 1. Let r = -2 - k. Suppose -u + 2*v = -12, v - 33 = -4*u - r. List the prime factors of u.
2
Let f(h) = 3*h**2 - h + 5. What are the prime factors of f(3)?
29
Suppose 0*n + 5*n = p + 33, -n = -3*p - 57. What are the prime factors of 4/p + 260/36?
7
Suppose 77 = 2*s + 3. List the prime factors of s.
37
Let q(b) = b**3 - 8*b**2 - 7*b + 8. What are the prime factors of q(9)?
2, 13
Let y(x) = 3*x + 6. Let s be y(-5). What are the prime factors of 1/((s/(-6))/3)?
2
Let o(x) = x**2 - x + 2. Let d be o(2). Suppose -d*m - i + 10 = 0, 0 = -2*i + 4. Suppose -h + 2*n - 1 = -3*n, 2*h - 6 = m*n. List the prime factors of h.
2
Suppose 4*y = y - 3*v + 15, -5*y = -v - 13. What are the prime factors of 3*7*(y - 2)?
3, 7
Let a be 6/3 + (4 - 1). Let w(r) = r**3 + r**2 + 4. Let p be w(0). Suppose p*y = 3*l + 3, 2*l + 2 = a*y - 7. List the prime factors of l.
3
Suppose -d + 0*o + 2*o + 43 = 0, -129 = -3*d + o. List the prime factors of d.
43
Let l(y) = -y**3 - 4*y**2 - 3*y - 4. List the prime factors of l(-4).
2
Suppose -4*k = -3*k - 59. What are the prime factors of k?
59
Suppose 5 + 9 = c. Suppose -4*p + 26 = -c. List the prime factors of p.
2, 5
Suppose -3*c + 30 = -90. List the prime factors of c.
2, 5
Suppose 0 = -3*u - 2*u + 450. Suppose -2*d - 16 = -t, 4*t + 4*d - u = -d. List the prime factors of t.
2, 5
Let h be 123/12 - 3/12. Let u = h - 1. What are the prime factors of u?
3
Let u be (-5 + 3)*(-7 + 0). Suppose 0*w - u = -2*w. List the prime factors of w.
7
Suppose -4*q + q - 2*b = -857, 0 = q + 5*b - 303. What are the prime factors of q?
283
Let d be (-2 - -20)*(2 + -1). Suppose -o + 4*n + 5 + 25 = 0, o - d = -2*n. What are the prime factors of o?
2, 11
Suppose -182 = -4*w + h - 0*h, 0 = 2*w + 4*h - 82. What are the prime factors of w?
3, 5
Let w be (-4)/6 - (-290)/(-15). Let h = w + 45. List the prime factors of h.
5
Suppose 12*w = 11*w + 4. List the prime factors of -3*6/9 + w.
2
Suppose 5*i + 5 = -0*i - 5*g, -4*g = -2*i + 16. Suppose -4*z = i - 90. List the prime factors of z.
2, 11
Let t be 3*(-10)/(-6) + 0. Suppose 2*k = -3*k - 4*p + 47, 0 = t*p + 10. List the prime factors of k.
11
Let r be (1 - -1)*(-18)/(-12). Let l(t) = -t**2 - 2 - 8 - 11*t - r. What are the